me factors of n/o + (-70)/(-9).
2
Let t(n) = -n + 6 + 9 - 4. Let d be ((-48)/(-9))/((-6)/(-9)). List the prime factors of t(d).
3
Let d = 0 + 7. Let u = d + 8. List the prime factors of u.
3, 5
Let m = 20 - 12. What are the prime factors of m?
2
Suppose 0 = d + 5*y + 20, d + 4*d + 4*y + 16 = 0. Suppose d*u = 5*u - 150. List the prime factors of u.
2, 3, 5
Let p(r) = r + 2 - 2*r + r + r. Let b be p(-5). What are the prime factors of 1/(3/(-6))*b?
2, 3
Let o(f) = -18*f + 1. What are the prime factors of o(-2)?
37
Let o = 127 - 62. What are the prime factors of o?
5, 13
Let b be 7/2 + (-1)/(-2). Let g be (-2)/b - 3/(-6). Suppose -2*j + j + 9 = g. List the prime factors of j.
3
Let r = -36 - -61. List the prime factors of r.
5
Let y(k) = 2*k**2 + 7*k - 2. Let n be y(-5). Let c be 4/6 - n/(-3). Let t(f) = 3*f + 1. List the prime factors of t(c).
2
Let h(x) = -2*x**3 + x**2 + 2*x + 1. Let p be (-3)/(-9)*0 - 1. Let o be h(p). Suppose -5 - 19 = -o*t. What are the prime factors of t?
2, 3
Let f(p) = -5*p + p - 6 + 0*p - 1. What are the prime factors of f(-6)?
17
Let m(w) = 2*w**2 + 5*w + 7. What are the prime factors of m(-7)?
2, 5, 7
Let o = -10 + 33. Let g(w) = -w + 12. Let a be g(10). Suppose 19 = -0*t + t - a*k, -k - o = -2*t. List the prime factors of t.
3
Suppose -13*x + 14*x - 4*s = 143, -3*x - 3*s = -504. What are the prime factors of x?
163
Suppose -4*r + t + 74 = -51, 4*t + 4 = 0. List the prime factors of r.
31
Let u = 15 + 12. What are the prime factors of u?
3
List the prime factors of 0 + (5 + -1 - -4).
2
Suppose 3*x - 15 = 27. List the prime factors of x.
2, 7
Let v(j) = 2*j**3 - 4*j**2 + 2*j. Let m be v(2). Suppose -m*i - 1 = -41. What are the prime factors of 12/i*15/2?
3
Suppose -4*b = -8, -2*p - 3*p - b = 393. Let w = -55 - p. List the prime factors of w.
2, 3
Let y = -8 - -17. Let f = -2 + y. What are the prime factors of f?
7
Let w(g) = -14*g - 35. What are the prime factors of w(-17)?
7, 29
Suppose -2*l + 5*l = 36. Suppose -s - 3*s = -l. What are the prime factors of s?
3
Let f = 19 + -10. Suppose d = 21 + f. List the prime factors of d.
2, 3, 5
Suppose -4*k - 70 + 22 = 0. Let a = -4 - k. What are the prime factors of a?
2
Suppose 3 + 1 = r. Suppose -2*z - r = z + p, 4*z - 3*p + 27 = 0. Let u(x) = x**3 + 4*x**2 + x + 3. What are the prime factors of u(z)?
3
Suppose -z = 3 - 89. List the prime factors of z.
2, 43
Let f = 6 - 6. Suppose 2*k - 4 = 0, f*c - 3*k = -c - 2. Suppose 2*z + 3*t = z - c, 4*t + 8 = 0. List the prime factors of z.
2
Suppose s - 3 = 4. Suppose s*l - 9*l + 28 = 0. What are the prime factors of l?
2, 7
Let o = 64 + -121. Let k = o - -86. What are the prime factors of k?
29
Let a(r) = -r**3 + r**2 - r - 1. Let s(u) = u**3 - 6*u**2 + 4*u - 5. Let b(x) = 2*a(x) + s(x). Let d be (-4)/10 + 69/(-15). What are the prime factors of b(d)?
2
Let i = 54 + -32. Let r = -7 + i. What are the prime factors of r?
3, 5
Suppose -71 = x - 2*x. List the prime factors of x.
71
Let f(m) = -8*m**2 - m + 2. Let o = -4 - -8. Let i be f(o). What are the prime factors of i/(-18) + 2/(-9)?
7
Let s(p) = p**3 - p**2 + 5*p + 4. List the prime factors of s(3).
37
Let h(s) = 3*s**3 + 5*s**2 + s. Let v(k) = -10*k**3 - 15*k**2 - 4*k. Let x(q) = 7*h(q) + 2*v(q). Let n be x(-4). Let y = -13 + n. List the prime factors of y.
7
Let f(a) = -a**2 - 11*a + 7. Let c be f(-7). Let d(i) = i**2 - i + 2. Let p be d(0). Suppose -p*j - 3*j + c = 0. What are the prime factors of j?
7
Suppose 0 = -a + 39 + 56. List the prime factors of a.
5, 19
Suppose 0 = 4*g + 12, g + 937 - 314 = 4*t. What are the prime factors of t?
5, 31
Suppose -27*s + 34*s - 1316 = 0. What are the prime factors of s?
2, 47
Suppose 2*c - 6 = 0, 0 = 3*o - c - 54 + 15. Suppose -s = 2*v - o, -2*s + 2*v + 2*v = 12. What are the prime factors of 13/2 - s/8?
2, 3
Let i = -9 + 29. What are the prime factors of i?
2, 5
Suppose 3*l - 18 = 2*l. Suppose -3*z + 7*z - 4*s = 68, 4*z = s + 56. Let h = l - z. What are the prime factors of h?
5
Let k(v) = 7*v**2 - 4. Let t be k(3). Let r = t + -127. List the prime factors of r/(-18) - (-10)/45.
2
Let b = 38 + -13. What are the prime factors of b?
5
Let j = -87 - -176. What are the prime factors of j?
89
Let x(l) = l**3 + l**2. Let r be x(-4). Let t be ((-4)/10)/(6/390). Let a = t - r. List the prime factors of a.
2, 11
Let r(x) = 3*x - 7. Let u(m) = m**2 - m + 6. Let j be u(0). What are the prime factors of r(j)?
11
Let w(i) = i + 4. Let x be w(-6). Let t be 5/(15/(-12))*x. Suppose -t = -m + 2*h, -3*m + 3*h = m - 32. List the prime factors of m.
2
Suppose -w + 99 = 2*w. What are the prime factors of w?
3, 11
Let i be (-7)/3 + (-4)/6. What are the prime factors of 12*(2 - (-4)/i)?
2
List the prime factors of 1/6 + (-4652)/(-24).
2, 97
Let s = 15 - 11. Suppose 2 + 6 = s*o. Suppose -m + 2 = o*u, 0 = 2*u - 2*m + 4*m. List the prime factors of u.
2
Suppose 40 = 3*f + f. Let g = -6 + f. What are the prime factors of g/6 - (-427)/21?
3, 7
Let b = -17 - -21. List the prime factors of b.
2
Let t(n) = -3*n**2 + 1. Let h be t(-1). Let l = h + 4. Suppose 0 = -0*j + l*j - 26. List the prime factors of j.
13
Let k = 5 - -27. List the prime factors of k.
2
Let v be -11 + (3/1)/3. Let f be 2/v - 1055/(-25). Suppose -5*m = -0*j + j - f, -5*m = -4*j - 32. What are the prime factors of m?
2
Let c = 0 + -47. Let q = c - -86. What are the prime factors of q?
3, 13
Let y be 6/33 + 720/33. Let n = y - 7. List the prime factors of n.
3, 5
Let m(z) = z**2 + 11*z - 3. Let d be m(-12). List the prime factors of (44/6)/(6/d).
11
Let c(i) = i**3 - i + 38. What are the prime factors of c(0)?
2, 19
Suppose -3*p + 5 = k, -k = p - 5*p + 16. Suppose 20 = 2*f + p*f. Suppose -f*j + 45 = j. What are the prime factors of j?
3
Suppose -2*p + 4*p - t = 309, -294 = -2*p - 2*t. List the prime factors of p.
2, 19
Let u(b) = -b**3 + 5*b**2 - 5*b + 2. Let h be u(4). What are the prime factors of (-1)/(h*3/66)?
11
Let u = -21 - -30. Let a(m) = m**3 - 9*m**2 + 3*m - 10. List the prime factors of a(u).
17
Suppose 2 + 22 = r. Suppose 0*x = 3*d + 4*x - 16, 4*d + 4*x - r = 0. What are the prime factors of d?
2
Let k = -10 - -13. Suppose -77 = -k*j + 1. List the prime factors of j.
2, 13
Let i = -1 - -10. Suppose 0 + i = 3*w. Suppose w*b = -b + 44. What are the prime factors of b?
11
Let r(b) = b + 1. Let t(h) = 29*h**3 - 2*h**2 - 5*h - 4. Let j(d) = 5*r(d) + t(d). What are the prime factors of j(1)?
2, 7
Suppose 100 = 3*z + 22. List the prime factors of z/10 + 3/(-5).
2
Let v(z) = 15*z**2 + 12 + 9*z - 9*z**2 - 5*z**2. What are the prime factors of v(-11)?
2, 17
Suppose 4*q + 10 = -2*o, 0*q - 6 = 3*q + 2*o. What are the prime factors of q/8 + (-7)/(-2)?
3
Suppose 4*v - 29 = 2*v - 5*d, 25 = 5*d. What are the prime factors of ((23 + 1)/v)/1?
2, 3
Let b be 4 - 0*(-2)/(-6). Suppose 0 = b*d + 4 - 0. List the prime factors of d/(-2) - 9/(-2).
5
Suppose 9 = -5*j + 2*g - 2, g = 4*j + 7. List the prime factors of -2*(j - (6 - 2)).
2, 5
Let i(u) = -u**3 - 2*u**2 - u - 1. Let p be i(-2). Let s = p + 8. What are the prime factors of s?
3
Let f(o) = -33*o**3 + 1. List the prime factors of f(-1).
2, 17
Suppose -4*u = 4*t - 28, 2*u + 4*t - 9 = 3*t. Suppose 3*n - 275 = -u*n. List the prime factors of n.
5, 11
Suppose 4*a - n + 3*n = -102, -3*a + 3*n = 81. Let b be 12/8*-2 - -44*1. Let p = a + b. List the prime factors of p.
3, 5
List the prime factors of -2 - (4 + -5) - -45.
2, 11
Let j = 7 + -14. List the prime factors of j/(-1) - (-6)/3.
3
Let u(f) = -7*f + 7. Let v(l) = 56*l - 56. Let s(j) = -49*u(j) - 6*v(j). Let z(b) = -4*b + 3. Let y(r) = -3*s(r) - 5*z(r). List the prime factors of y(0).
2, 3
Suppose 5 = 5*b + u - 2*u, -5*u = -5*b + 25. Let p(k) = k + 5. List the prime factors of p(b).
5
Let c(o) = 2*o**2 + 2*o**3 + 3*o**3 - 2 - 4*o**3. Let g be c(-3). What are the prime factors of (-35)/(-11) - (-2)/g?
3
Let j = -10 + 14. List the prime factors of j.
2
Suppose -3*r - 2*u = -65, -r + 0*r + u + 25 = 0. What are the prime factors of r?
23
Let j(y) = y**2 - 1. Let c be j(-1). Suppose c = -f + 7 - 1. List the prime factors of f.
2, 3
Suppose -8*v + 4*v = 16. Let c(t) = t**2 + 2*t - 5. What are the prime factors of c(v)?
3
Let v(u) be the third derivative of -7*u**6/30 + u**5/30 - u**3/6 - 2*u**2. What are the prime fa